 = -4*r**3 - 4*r**2 - 5. Let u(g) = 11*g**3 + 12*g**2 + g + 14. Let f(w) = -8*k(w) - 3*u(w). Calculate f(-4).
10
Let t(n) = -5*n**3 - 5*n**2 - 2*n - 7. Let m(l) = l**3 + 2*l**2 - l + 1. Let u(s) = 6*m(s) + t(s). Determine u(-8).
-1
Let g(l) be the third derivative of -5*l**4/24 - 4*l**3 - 31*l**2 - 1. What is g(-3)?
-9
Let c(o) = -3*o**3 + 9*o**2 - 19*o - 14. Let d(g) = -2*g**3 + 4*g**2 - 10*g - 8. Let h(i) = 3*c(i) - 5*d(i). Determine h(-8).
-10
Let l(k) be the third derivative of -k**5/60 - k**4/8 + 2*k**3/3 + 329*k**2. What is l(-3)?
4
Let h(p) = 8*p - 1. Let s(x) = -4*x**3 - 30*x**2 + 14*x - 12. Let m be s(-8). Let d(v) = -v**2 - 7*v - 4. Let r be d(-6). Suppose r*y + 0*y = m. Determine h(y).
15
Let s = 41 + -44. Let t(y) = 3*y**2 + 6 - 5*y**2 - 9 - 8*y. Let j be t(s). Let z(l) = -l**2 + 5*l - 4. Calculate z(j).
2
Let o(j) = -j**3 + 6*j**2 + 4. Let y be o(4). Suppose a = -3*a + y. Suppose -2*x - 1 - 7 = 0, -5*p - a = x. Let v(d) = 10*d**2 - 1. Determine v(p).
9
Let s = 192 - 186. Let w(h) = -4*h + 24. Determine w(s).
0
Let o(l) = -l**2 + 3*l + 1. Let c(d) = d**3 - 2*d**2 + 1. Let p be c(1). Suppose -2*u = -1 - 3. Let z be 6/u + 1 + p. Determine o(z).
-3
Let c be ((-8)/10)/(3/15). Let z(o) = 1. Let i(m) = -m + 6. Let p(g) = -i(g) + 5*z(g). Calculate p(c).
-5
Suppose -82*c - 5*i = -86*c + 76, 0 = 2*i + 8. Let y(k) = k**3 - 15*k**2 + 15*k - 19. Give y(c).
-5
Let u(s) = -s**3 - 10*s**2 - 10*s - 9. Suppose 5*i - 5*d + 0*d = 340, -3*i = 5*d - 236. Let o = i + -81. What is u(o)?
0
Let o(f) = f - 12. Suppose -319*t + 312*t = 0. Give o(t).
-12
Let v be 4/(-22) - 279/99. Let a(j) = 3*j**3 + 4*j**2 - 2*j - 3. Determine a(v).
-42
Let i(d) = -50*d**2 + 2*d + 23. Let p(b) = -18*b**2 + b + 8. Let s(k) = -4*i(k) + 11*p(k). Determine s(-3).
5
Suppose 0 = t + 4*b + 17, 7 = 5*t - 2*b - b. Let k(p) = -31*p**3 + 2*p**2 + p. Give k(t).
32
Let p(u) = -2*u**2 + u + 1. Let h(f) = 7*f**2 - 3*f - 2. Let z(d) = h(d) + 6*p(d). What is z(3)?
-32
Let i(j) = 83*j**3 - 76*j**3 + 1 - 1 + j**2. What is i(1)?
8
Let w = 8 - 13. Let l(o) = -o - 3. Let y(x) = 3*x + 8. Let g(a) = 8*l(a) + 3*y(a). What is g(w)?
-5
Suppose -q - 3*q = -16. Let x(h) be the second derivative of h**3/6 - 3*h**2/2 - 7*h. What is x(q)?
1
Let q(r) = -5*r - 27. Suppose -2 = 3*o - 2*w, 9*o = 12*o - 3*w - 3. Give q(o).
-7
Let f(x) = 3*x**2 - 39*x - 27. Let p(y) = -y**2 + 13*y + 9. Let j(m) = 4*f(m) + 11*p(m). Determine j(14).
5
Let y = 1 + -7. Let l(b) = -b - 2. Suppose -3*c = -0*c - m + 7, 3*m + 11 = c. Let s(a) = -a - 2. Let o(z) = c*s(z) + 5*l(z). Give o(y).
4
Let o = 94 + -90. Suppose i = 2*j - o, -5*i + 55 = -2*j + 7*j. Let r(p) = p + 1. What is r(i)?
7
Let s(x) = 16*x + 153. Let u be s(-10). Let t(y) be the first derivative of y**2 + 8*y - 1. What is t(u)?
-6
Let r(y) = -10*y**3 + y**2 - 1. Let i be ((-3)/(-2))/(9/(-156)). Let x = 27 + i. Give r(x).
-10
Suppose -2*q + 3 = 3*u - 1, 3*u + 2 = q. Let i(p) = p**2 - 5*p**3 - 5*p**q + 5*p**2 - 1 - 2*p**3. Let b be (36/(-8))/(-9)*2. Calculate i(b).
-7
Let p(r) = r**2 + 16*r - 8. Let o be p(-17). Suppose -o = -c - 12. Let t(f) be the third derivative of f**4/24 + f**3/2 + 6*f**2. Determine t(c).
0
Let g = -46 + 49. Let s(w) = -2*w**2 + 4*w - 4. Give s(g).
-10
Let q(f) = f**2 + 2*f - 1. Let g be q(-3). Let c(j) = 3*j**2 + 4 + 0*j**2 - 4*j**g - 4*j. What is c(-3)?
7
Suppose -7*d + 20 = 6. Let f(s) = -17 - d*s**2 + 4*s**2 + 3 + 12 + 2*s. Give f(2).
10
Let m(d) = 2*d + 1. Let o(c) = c + 3. Let s(f) = 4*m(f) - o(f). Give s(-3).
-20
Let i = -27 - -32. Let t = i - 3. Let m = 3 + t. Let g(p) = -p**2 + 7*p + 3. Give g(m).
13
Let t(g) = g**3 + 6*g**2 - g - 2. Let p be t(-6). Let j be p + (-1)/(2 + -3). Suppose -2*k - 2 = -j*a, -3*k + 3 = -4*a - 1. Let m(h) = 3*h - 3. Calculate m(a).
3
Let g(p) = -p**2 - 13*p - 10. Let l = -2756 + 2745. What is g(l)?
12
Let a(c) = 14*c + 5. Let i be a(-4). Let s = -27 - i. Suppose -s + 9 = 5*l. Let q(h) = h**3 + 3*h**2 - 3*h - 4. Give q(l).
5
Let a(j) = -3*j**3 - 7*j**2 + 4*j - 2. Let r(x) = -10*x**3 - 22*x**2 + 12*x - 6. Let h(o) = -7*a(o) + 2*r(o). Give h(-5).
22
Let b = 33 + -30. Let s(m) = 3*m**3 + 7*m**2 + 4*m + 2. Let n(o) = -4*o**3 - 8*o**2 - 3*o - 1. Let r(t) = b*s(t) + 2*n(t). Calculate r(-4).
-4
Let a(y) = 4*y**2 - 7*y + 4 - 16*y**2 + 9*y**2 + 4*y**2. Suppose 10 = 4*c + c. Suppose 4*i = -j - 13, -38 = -4*j - c*i + 4*i. Calculate a(j).
4
Let z = -3 - -6. Let i(p) = -11*p + 1. Let s(y) = -135*y + 9. Let f(c) = 12*i(c) - s(c). Calculate f(z).
12
Let g = -44 - -46. Suppose -2*j - g = -2*h, -2 = 2*j + h - 4*h. Let b(n) = -2*n**2. Give b(j).
-2
Let k(p) = -6*p. Let x(m) = -m**3 - 21*m**2 + 2*m + 40. Let n be x(-21). Give k(n).
12
Let x = -9 + 15. Let m be (-56)/3*9/(-6). Let n(d) = m*d - 2 - 18*d - 17*d + d**2. Determine n(x).
-8
Let y(c) = c - 11. Let s(r) be the first derivative of -15*r**2/2 + 1. Let q be s(-1). Let o be y(q). Let p(m) = m - 3. Give p(o).
1
Let b(p) = p**2 - 2*p - 2. Suppose 4*d - 6*d + 2*y = -2, -2*d + 10 = -4*y. Determine b(d).
13
Suppose -1 = -2*q - 4*o - 9, 0 = -q + 3*o + 16. Suppose -q*b = b. Let g(d) = 2*d - 4 + 5 + 3 - d. Determine g(b).
4
Suppose -i = 4*u - 12, 4*u + 10*i = 7*i + 4. Let r(j) = j**3 + 2*j**2 - 5*j - 4. Let g be r(-3). Let t(x) = g*x**2 + 5 + x - 3*x**2 + 2*x. Calculate t(u).
1
Suppose 30*f - 21 = 37*f. Let o(r) = 2*r**3 + 3*r**2 - 4*r - 2. Give o(f).
-17
Let h(u) = -u**3 - 4*u**2 - 5*u - 1. Let d(a) = -5*a**3 - 19*a**2 - 26*a - 5. Let z(k) = -2*d(k) + 11*h(k). What is z(-6)?
17
Let x(h) = 0*h + 3*h - 3*h - h**2 - 2*h + h**3. Suppose j = 5*j + 5*c - 2, -4*c = 4*j - 4. Determine x(j).
12
Let h be -10*(-7 - -4)/(-3). Let z = -11 + 16. Let c = z + h. Let t(w) = w**3 + 5*w**2 + 2*w + 5. What is t(c)?
-5
Let t(v) be the third derivative of 5/24*v**4 + 0*v + 45*v**2 - 1/3*v**3 - 1/60*v**5 + 0. Let z(b) = 2*b**2 + 2*b - 1. Let h be z(-2). Determine t(h).
4
Let w(q) = -2*q**2 + 2*q + 4. Let g(z) = 6*z - 7. Let a(n) = n. Let p(c) = -4*a(c) + g(c). Let h be p(5). Give w(h).
-8
Let m(t) = t**2 - 4*t. Suppose -20 = -0*u - 5*u. What is m(u)?
0
Let g be 8/(-168)*3 - (-29)/7. Let h(a) = a**3 - 3*a**2 + 2*a - 3. Give h(g).
21
Let l(y) be the second derivative of -y**5/10 - y**4/6 - y**2/2 - 2*y. Suppose 3*c = -5*a + 192, 89 = -4*a - 5*c + 240. Let d = -41 + a. Calculate l(d).
7
Let p(y) = 2*y**2 + 3. Let b = 26 - 31. Let f(u) = -3*u**2 + u - 5. Let d(j) = b*p(j) - 3*f(j). Give d(-4).
-4
Let b(f) = -9 + 7 - f - 13 - f**3 - 3*f**2 + 13 + 4*f**2. Calculate b(0).
-2
Let u(y) = y**2 - 5*y + 4. Suppose 4*b - 91 - 9 = 4*h, -5*h + 2*b = 122. Let p be (7/4 + -1)/((-3)/h). Determine u(p).
10
Let c = -2 - -3. Let a(u) be the third derivative of 0*u - 10*u**2 + 1/6*u**3 - 7/24*u**4 + 0. Determine a(c).
-6
Suppose 6*l + 150 = -9*l. Let d(j) = -j - 12. What is d(l)?
-2
Let f(u) = -3*u + 5*u - 3*u + 7 + u**3. Let i = -1380 - -1380. Give f(i).
7
Let t(f) = -13*f**3 + f**2 + f - 2. Suppose -50*i - 7 = -57*i. Calculate t(i).
-13
Let i be 24 + -7 - 6 - 1*4. Let m(d) = -d**3 + 8*d**2 - 7*d + 8. Calculate m(i).
8
Suppose 12 = -4*f - 4*q, 3*f + 2*f + 5 = -3*q. Let v(p) = -p + 0 - 1 - 5*p**f + 2*p + 4*p**2. Determine v(-2).
-7
Let z(q) be the third derivative of -q**6/120 + q**5/20 + 5*q**4/24 - q**3/2 + 2*q**2 - q. Calculate z(4).
1
Let v(d) = 10*d - 66*d**2 + 41*d**2 + 12 + 26*d**2. Give v(-11).
23
Let i be (4/(-3))/((-2)/3). Let o(a) = a + 2*a - 4 + 2 - i*a. Let n be (10 - (12 + -4))*(0 + -1). What is o(n)?
-4
Let r(l) = -l - 2. Let b(z) = -6. Let t(w) = w + 7. Let c(j) = 3*b(j) + 2*t(j). Let i be c(-6). Let a be ((-8)/i)/((-1)/2). Calculate r(a).
-1
Let s(n) = 14*n + 24. Let f(v) = -6*v - 9. Let m(p) = -9*f(p) - 4*s(p). Calculate m(-7).
-1
Suppose -p = 4*q - 4, -p - p - 3*q + 8 = 0. Suppose w = 4*w - 4*d + 16, 0 = 2*w + d - p. Suppose -r + 3*r + 6 = w. Let k(y) = y + 3. Determine k(r).
0
Let a(c) = -575*c**2 + 291*c**2 + 10*c + 285*c**2 + 1. Determine a(-9).
-8
Let j = 51 + -35. Suppose j*h + 15 = 19*h. Suppose 0 = h*a - 25 + 55. Let u(v) = v**3 + 5*v**2 - 5*v + 7. What is u(a)?
1
Let s = 3 - 7. Let u be (-2)/(s/(-14)) - 0. Let l(z) be the first derivative of -z**4/4 - 2*z**3 + 9*z**2/2 - z - 199. Calculate l(u).
-15
Suppose -5*g + 6*g + 7*g = 0. Let z(f) = f + 20. Calculate z(g).
20
Let q(a) be the first derivative of 